 -u - 1. Let v(g) = 32*g**2 - 9*g - 11. Let i(q) = -5*s(q) + v(q). Let r be i(4). Suppose 10*h = 3*h + r. List the prime factors of h.
2, 5, 7
Let l(q) = -2354*q + 1662. List the prime factors of l(-14).
2, 19, 911
Let b = 181 + -179. Let w(z) = -z**2 - 18*z - 13. Let q be w(-12). Suppose 5*k - 9 - b = -d, -3*d = 2*k - q. What are the prime factors of d?
3, 7
Suppose -5*v = -2*i + 2756, -i + v = -5*i + 5490. Let s = 2923 - i. List the prime factors of s.
2, 5, 31
Let c(x) = 14*x**2 + 29*x + 358. List the prime factors of c(-18).
2, 1093
Suppose 90*u - 790777 = 147293. List the prime factors of u.
7, 1489
Let r be (-4)/22 + 1435/451. Suppose 4*s - n - 1490 = 0, n + 744 = r*s - s. What are the prime factors of s?
373
Let t(k) = -k + 1. Let p(l) = 87*l + 10. Let s(d) = p(d) - 3*t(d). Let h be s(-3). Let r = -131 - h. List the prime factors of r.
2, 3, 11
Suppose -5*s = 13 + 7, -3*s - 32 = -5*z. Suppose 2*x + 3*w - 16 = 0, -z*x + 3*w + 26 = -3*x. Suppose c - 79 = -x. What are the prime factors of c?
5, 13
Suppose -63*y - 15544280 = -289*y. What are the prime factors of y?
2, 5, 19, 181
What are the prime factors of (4 + 0 + -6)/((-10)/14655)?
3, 977
Let n = 8493 - 3718. What are the prime factors of n?
5, 191
Let v = 5 - -4. Suppose -v*k + 200 = -5*k. Suppose 18*n = 20*n - k. List the prime factors of n.
5
Let v(y) = -30*y + 28. Let j be v(1). What are the prime factors of -5 - ((-32)/20)/(j/(-1305))?
1039
Suppose 5*w = 9*w + 24. Let h(g) = 8*g - 71. Let z be h(w). Let y = z - -169. What are the prime factors of y?
2, 5
Suppose -r = 7 + 28. Let h be 1*(-3)/5*r. Suppose 22*d - 117 = h*d. List the prime factors of d.
3, 13
Let d(k) = -3*k**3 + 20*k**2 + 7*k + 10. Let h be d(7). Suppose h*b - 15 = 5*b. List the prime factors of -2 + b - (-130 - -2).
3, 43
Suppose 24*a + 22092 = y + 22*a, 4*y - 88291 = -3*a. List the prime factors of y.
2, 7, 19, 83
Suppose -2*g + 4*f - 166 = -0*g, 415 = -5*g + 4*f. Let i = g + 417. Suppose 134 = 2*k + 2*u - 6, 0 = 5*k + u - i. List the prime factors of k.
2, 3, 11
Let b be (-4)/(-3)*12/32*4. Suppose 0 = -0*y + b*y - r + 1, -5*y - 2*r - 25 = 0. List the prime factors of -2 - 2/y*(-366)/(-4).
59
Let o(h) = -h**3 + 20*h**2 - 17*h - 24. Let i be o(19). Let y be 66/i + 2/7. Suppose -2*p - 3*d + 355 = 0, 2*d + 840 = y*p - 0*d. List the prime factors of p.
2, 5, 17
Let b(p) = -p**3 - 3*p**2 + 2*p + 4. Let w be b(-4). Let t(s) = 122*s - 5 - 70*s - 43*s - 10. List the prime factors of t(w).
3, 31
Suppose -14288 + 2456 = -24*t. Suppose 2*m - t = 745. What are the prime factors of m?
619
List the prime factors of (-24006)/(-4) - (27 + (-1377)/54).
2, 3, 5
Let n(o) = 8*o**3 - 11*o**2 + 5*o + 15. Let q be ((-75)/45)/((-2)/6). List the prime factors of n(q).
3, 5, 17
Let o = 173 + -169. What are the prime factors of 5052/10 + o/5?
2, 11, 23
Let d(o) be the first derivative of 2*o**2 - 11*o + 4. Let s = -93 + 97. What are the prime factors of d(s)?
5
What are the prime factors of (-138379065)/(-5015) - 2/59?
41, 673
Suppose 5*z - z - 157 = -3*f, -4*f - z = -192. Suppose 0 = 51*s - f*s. Suppose s = -3*h + 2*h + 11. List the prime factors of h.
11
Suppose 0 = -10*f - 25 + 25. Suppose -5*t + 52 = 4*a, a - 54 = -5*t - 2*a. Suppose -2*i + 142 - t = f. List the prime factors of i.
5, 13
Let k be 3 - (5 + (-8 - -4))/(-1). Suppose 0 = k*o + 5*y - 1968, 7*y = 8*y. List the prime factors of o.
2, 3, 41
Let t(w) = -3585*w + 13738. List the prime factors of t(-15).
181, 373
Let j = -1887 + 1185. Let w = j + 995. List the prime factors of w.
293
Let j(c) = c**3 + 29*c**2 + 6*c - 10. Let x be 117/65*(-15 + 0). List the prime factors of j(x).
2, 643
Let t be 2/((1/41)/(1/2)). Let w = 818 - 465. Suppose -2*k + 3*m + w = -t, -m - 2 = 0. List the prime factors of k.
2, 97
Let h be 160/(-28) + (8/(-14))/2. Let m be (3 + -5)*1/2. What are the prime factors of m + 77 + (-5 - h)?
7, 11
Suppose 393481 + 36959 = 43*z - 209873. What are the prime factors of z?
14891
Suppose 0 = 5*b - 5*f - 120, 2*f + 64 + 12 = 3*b. Let s = b + -25. Suppose -4*o + s*o = -25. What are the prime factors of o?
5
Let r = 65 + -17. Suppose 16*s - r = 16. Suppose -5*k + 271 + 326 = 4*a, -5*a - 494 = -s*k. List the prime factors of k.
11
Let v(r) = r**2 - 3*r. Let k be v(-1). Suppose 2*c = k + 10. What are the prime factors of (-24)/15*(-35)/c?
2
Let g(i) = -574*i**2 - 14*i - 13. Let b be g(-1). Let m = b - -1197. List the prime factors of m.
2, 3, 13
Let m(j) = 12*j - 9. Let f be m(1). Let y(d) = 61*d + 31. Let k be y(f). Suppose 1274 = 5*v + 2*g + k, -4*g + 1070 = 5*v. List the prime factors of v.
2, 3, 5, 7
Suppose 0 = 17386*k - 17412*k + 334620. What are the prime factors of k?
2, 3, 5, 11, 13
Suppose 5*q + 3*q - 5000 = 0. Suppose 2*f = -c + 114, 5*c - f = q - 110. What are the prime factors of c?
2, 13
Let h = -34910 + 92757. List the prime factors of h.
57847
Suppose 514344 = -174*v + 203*v. What are the prime factors of v?
2, 3, 739
Let x = 41974 - 21507. What are the prime factors of x?
97, 211
Suppose 68*q + 269681 - 1299904 = 1562481. List the prime factors of q.
2, 2383
Let b(l) = -5*l**3 + 2*l**3 + 2 - 63*l + 61*l. Suppose 3*q - 3*k = -6, -k - 4 + 3 = 0. What are the prime factors of b(q)?
89
Suppose 0 = -4*o - 2*i + 10944, 2129 = -3*o + i + 10337. Suppose 91*c - o = 82*c. What are the prime factors of c?
2, 19
Let f be 34/(4/(-20)*2). Let h = f - -89. What are the prime factors of (h + -3)*4 + 146?
2, 3, 5
Let g(v) = v**3 - 5*v**2 - 12*v + 8. Let l be g(7). Suppose 4*h - 86 + l = 0. List the prime factors of (-4)/h*2 + (-1245)/(-10).
2, 31
Let j be (-76)/(-6) + (-1)/(-3). Suppose -j*r + 1135 = -8*r. Suppose 4*n + 6*w - 7*w - r = 0, 4*n + w = 237. List the prime factors of n.
2, 29
Let t = 3799 + -1440. What are the prime factors of 16/(-36) + t/63?
37
Suppose -2*v + 6*v - 7136 = 0. Let u = 11624 - 11610. Suppose -u*f + 6*f + v = 0. What are the prime factors of f?
223
Let t be (-15)/(-2)*(11 - (-61)/(-5)). List the prime factors of ((-1318)/t)/2 - (-10)/(-45).
73
Let z = 11174 - 10301. What are the prime factors of z?
3, 97
Let h = 18652 - 883. What are the prime factors of h?
3, 5923
Suppose -g + x = -55082, 14*g - x = 12*g + 110159. What are the prime factors of g?
3, 11, 1669
Suppose -14*n + 5*x + 109 = -13*n, -417 = -4*n + x. Suppose -n*i - 8800 = -115*i. What are the prime factors of i?
2, 5
Let j(a) be the second derivative of 25*a**3/2 - 73*a**2 + 2*a. What are the prime factors of j(7)?
379
Suppose 0*q = -2*q + 10. Let d(o) = -o**3 + 2*o**3 - 5*o**2 + 3 - 4 - q*o. List the prime factors of d(7).
2, 31
Suppose 10 = 3*c + 1. Suppose -3*x + 25 = -263. What are the prime factors of 5*(x/36 + (-2)/c)?
2, 5
Let a(n) = 2*n**2 - 4*n + 2. Let z be a(0). Suppose 2*s - 2*w = 1096, z*s = -2*w + 5*w + 1093. List the prime factors of s.
19, 29
Let p(v) = -6*v + 78. Let x be p(12). List the prime factors of ((-6036)/5)/x*15/(-3).
2, 503
Let a(p) = -1992*p**3 + 4*p**2 - p - 5. List the prime factors of a(-1).
2, 3, 83
Suppose -41*d - 38718 = -50*d. What are the prime factors of d?
2, 3, 239
Suppose j = 178*l - 177*l - 22077, 0 = 5*j - 20. List the prime factors of l.
71, 311
Let x be -4*(357/(-4))/17. Let v = x - -225. What are the prime factors of v?
2, 3, 41
Let b = 3073 + -1175. List the prime factors of b.
2, 13, 73
Suppose 3*u = u - 8. Let q be 4 - ((-12)/u + -3). What are the prime factors of ((-2)/(-1))/(q/20)?
2, 5
Let k be -2 + -2 - (-9)/(18/520). Let x = -129 + k. Let p = -84 + x. List the prime factors of p.
43
Let r be (-5)/(((-2)/88)/((-27)/(-18))). Let i = -198 + r. What are the prime factors of i?
2, 3, 11
Let n(r) = 4*r - 38. Let g be n(10). Suppose g = -3*s + 5*s. What are the prime factors of (-4)/s + 180 + 4 + -6?
2, 3, 29
Let p(h) = h**3 + 44*h**2 + 95*h - 42. Let t be p(-39). Suppose 4*y + 566 = t. What are the prime factors of y?
823
Suppose -2*i = -2 - 6. Suppose -3*q - i = 3*o - 157, 81 = 2*q - 5*o. Suppose -13*b + q = -10*b. List the prime factors of b.
2
Let t(k) = 19*k + 31 - 15*k + 0*k**3 + 6*k - k**3 - 4*k**2. List the prime factors of t(-9).
2, 173
Suppose 5*k = -5*u + 214510, -70*u = 4*k - 72*u - 171566. What are the prime factors of k?
5, 23, 373
Let v be (-1)/(6/(-33) - 21/(-55)). What are the prime factors of -8*(v + 105/(-10))?
2, 31
Le